104. What is d(31)?
-82
Let j(p) = 76*p - 584. Give j(7).
-52
Let u(p) = -p**2 + 27*p - 56. Give u(25).
-6
Let l(f) = -96*f**3 - 4*f**2 - 7*f + 12. Calculate l(1).
-95
Let p(h) = -h**3 - 12*h**2 - 23*h - 4. Determine p(-3).
-16
Let z(r) = r**3 - r**2 + 3*r + 15. Give z(-3).
-30
Let u(j) = -j**3 - 6*j**2 - 25*j - 178. Give u(-6).
-28
Let k(a) = -a**2 - 7*a + 18. Determine k(-7).
18
Let x(n) = 2*n**3 - 23*n**2 - 11*n - 11. Calculate x(12).
1
Let k(v) = v**3 - 28*v**2 + 186*v + 46. Calculate k(11).
35
Let z(g) = 3*g**3 + 35*g**2 - 50*g + 27. What is z(-13)?
1
Let x(v) = v**3 + 11*v**2 - 7*v - 8. What is x(-5)?
177
Let o(w) = -145*w - 4199. Give o(-29).
6
Let h(u) = 16*u + 152. Determine h(-9).
8
Let t(q) = q**3 - 26*q**2 - 39*q + 52. What is t(28)?
528
Let p(t) = -t**3 - 90*t**2 + 171*t - 1194. Calculate p(-92).
2
Let z(j) = 154*j - 10165. Determine z(66).
-1
Let k(d) = -5*d**3 - 70*d**2 - 15*d + 32. What is k(-14)?
242
Let a(b) = -765*b + 11612. Determine a(15).
137
Let d(s) = 3*s**3 - 9*s**2 + 3*s - 64. Calculate d(0).
-64
Let m(d) = 1633*d + 4900. Determine m(-3).
1
Let g(p) = 7*p**2 + 129*p - 47. Give g(-18).
-101
Let o(f) = 10*f**3 - 3*f**2 - f - 4. Give o(3).
236
Let r(c) = 7*c**3 - 13*c**2 + 8*c - 15. Determine r(2).
5
Let w(d) = -d**3 + 108*d**2 + 345*d - 1305. Give w(111).
27
Let v(s) = s**3 + 45*s**2 - 3*s + 29. Calculate v(-45).
164
Let x(v) = -9*v**2 + 1180*v + 1057. Determine x(132).
1
Let x(v) = -2*v**2 - 70*v + 2996. Determine x(-60).
-4
Let v(x) = 3*x + 46. Calculate v(-51).
-107
Let w(q) = -218*q + 441. Determine w(2).
5
Let o(q) = q**3 + 32*q**2 + 130*q - 25. What is o(-5)?
0
Let f(j) = -j**3 + 7*j**2 + 15*j - 29. Give f(9).
-56
Let t(o) = -o**3 - 43*o**2 - 319*o + 346. Determine t(-33).
-17
Let m(r) = r**3 - 24*r + 38. Calculate m(2).
-2
Let m(w) = -w**3 - 32*w**2 + 19*w + 1548. Give m(-31).
-2
Let a(d) = -d**3 + 9*d**2 - 278*d + 2498. Determine a(9).
-4
Let d(x) = -21820*x + 130929. Calculate d(6).
9
Let i(f) = 2*f**3 + 370*f**2 + 368*f - 93. Calculate i(-184).
-93
Let n(c) = -c**2 + 58*c + 170. What is n(60)?
50
Let o(c) = -3*c**2 - 14*c + 37. Give o(3).
-32
Let v(j) = -81*j + 5649. Calculate v(70).
-21
Let y(w) = -8*w + 83. Give y(-4).
115
Let n(w) = -12*w**2 + 385*w + 815. Calculate n(34).
33
Let f(s) = -s**3 + 29*s**2 - 155*s - 267. What is f(21)?
6
Let i(w) = w**3 - 62*w**2 + 54*w + 562. What is i(61)?
135
Let y(g) = -3*g**3 + g**2 + 28*g - 35. What is y(-6)?
481
Let x(i) = 123*i + 125. Calculate x(-4).
-367
Let s(u) = u**2 - 31*u - 29. Determine s(35).
111
Let j(t) = -3*t**2 + 15*t + 801. What is j(19)?
3
Let h(j) = -15*j**3 + 2*j**2 - j - 1. Give h(-3).
425
Let z(f) = -f**3 + 10*f**2 + 702*f - 52. What is z(-22)?
-8
Let t(i) = i**2 + 353*i - 2161. Calculate t(6).
-7
Let p(c) = 2*c**3 + 4*c**2 + 7*c - 241. Calculate p(0).
-241
Let h(s) = 61*s + 5366. Calculate h(-88).
-2
Let m(p) = -68*p + 1362. What is m(19)?
70
Let c(j) = -220*j - 223. Determine c(-1).
-3
Let i(v) = 14*v - 79. What is i(7)?
19
Let q(h) = 2*h**2 - 12*h - 171. Give q(13).
11
Let v(r) = r**2 + 2701*r - 21681. What is v(8)?
-9
Let b(z) = 224*z - 8960. What is b(40)?
0
Let y(s) = 3*s**2 + 35*s + 47. Determine y(-10).
-3
Let o(u) = u**3 - 15*u**2 - 461*u + 2023. Calculate o(4).
3
Let r(o) = -o**2 - 451*o + 2744. Determine r(6).
2
Let d(n) = -7866*n - 39337. What is d(-5)?
-7
Let i(f) = 613*f + 1236. Give i(-3).
-603
Let u(q) = -185*q - 2218. What is u(-12)?
2
Let c(j) = j**3 + 11*j**2 - 5*j - 129. What is c(-9)?
78
Let x(t) = -t**3 + 6*t**2 - 6. Give x(8).
-134
Let c(z) = -18*z + 38. Determine c(5).
-52
Let w(z) = 3*z**3 + 71*z**2 - 271*z - 32. Give w(-27).
-5
Let z(y) = 2*y**2 + 20*y + 31. Calculate z(-9).
13
Let a(t) = -107*t + 448. What is a(2)?
234
Let v(b) = -2*b**3 + 267*b**2 - 413*b + 2252. What is v(132)?
8
Let r(v) = -v**3 + 39*v**2 - 124*v + 608. Give r(36).
32
Let d(k) = 44*k + 744. Give d(-17).
-4
Let d(j) = -90*j + 14395. What is d(160)?
-5
Let a(b) = -b**3 - 36*b**2 + 198*b - 295. What is a(-41)?
-8
Let q(n) = n**2 + 70*n + 822. What is q(-55)?
-3
Let j(y) = 8*y**2 + 313*y - 626. What is j(-41)?
-11
Let g(r) = -r**3 - 3*r**2 + 109*r + 4. Calculate g(-12).
-8
Let o(g) = -g**2 + 21*g + 1113. Calculate o(-24).
33
Let g(z) = -203*z + 2847. What is g(14)?
5
Let f(v) = -v**3 - 25*v**2 - 15*v + 1119. Give f(-22).
-3
Let t(i) = -i**2 - 139*i - 3346. Give t(-109).
-76
Let p(a) = -a**2 + 17*a - 14. What is p(8)?
58
Let x(v) = 2*v**3 + 184*v**2 - 559*v + 1035. Determine x(-95).
-10
Let t(k) = k**2 + 143*k - 13788. Determine t(66).
6
Let b(p) = -p**2 + 43*p - 47. Calculate b(50).
-397
Let x(z) = z**2 + 2*z - 25. What is x(-5)?
-10
Let a(d) = 26*d - 693. What is a(3)?
-615
Let u(n) = 6*n**2 + 25*n - 244. Calculate u(4).
-48
Let s(o) = -4576*o - 22872. Determine s(-5).
8
Let n(l) = 5*l**2 + 658*l + 19192. Give n(-88).
8
Let b(z) = -3*z**2 - 150*z + 650. Give b(-54).
2
Let v(k) = 147*k + 99. Calculate v(-8).
-1077
Let l(n) = -n**3 + 10*n**2 - 16*n - 13. Calculate l(8).
-13
Let l(a) = -11*a - 882. What is l(-65)?
-167
Let i(u) = 93*u**3 - 2*u**2 - 3*u - 1. Calculate i(-1).
-93
Let i(q) = -44*q - 5449. What is i(-124)?
7
Let c(b) = 2*b**3 - 77*b**2 + 101*b + 382. Determine c(37).
12
Let a(j) = 194*j + 4652. What is a(-24)?
-4
Let v(l) = 36*l + 583. Determine v(-21).
-173
Let z(d) = -199*d - 2393. Give z(-12).
-5
Let q(b) = 88*b + 131. Determine q(-1).
43
Let u(x) = 15*x**2 - 26*x + 6. What is u(-5)?
511
Let v(r) = -176*r + 4063. Determine v(23).
15
Let l(w) = -w**2 - 33*w + 1535. Calculate l(26).
1
Let g(j) = 44*j**2 - 312*j - 314. What is g(-1)?
42
Let c(l) = 85*l - 4853. Give c(57).
-8
Let l(p) = -196*p - 1763. Calculate l(-9).
1
Let s(n) = 141*n - 583. Determine s(4).
-19
Let k(f) = 13*f - 104. Give k(7).
-13
Let n(w) = 116*w - 63. Give n(0).
-63
Let a(v) = -3*v - 572. Calculate a(-59).
-395
Let j(v) = -2*v**2 - 4*v + 206. Determine j(-11).
8
Let j(d) = -138*d + 910. Determine j(6).
82
Let t(y) = -y**3 + 12*y**2 - 24*y + 16. Calculate t(9).
43
Let s(o) = o**3 - 9*o**2 + 14*o - 69. What is s(5)?
-99
Let g(q) = -q**3 - 10*q**2 + 40*q + 182. Give g(-12).
-10
Let m(r) = r**3 - r**2 - 73*r - 249. Determine m(-4).
-37
Let s(y) = -y**2 + y + 6. Determine s(-7).
-50
Let p(l) = l**3 + 4*l**2 + 15*l + 2. Determine p(0).
2
Let i(d) = d**3 + 4*d**2 + 12*d + 16. What is i(-3)?
-11
Let l(o) = 2*o**2 - 46*o - 222. Give l(27).
-6
Let k(a) = 25*a + 1717. Give k(-57).
292
Let h(i) = -6*i**3 + 14*i + 40. Give h(-2).
60
Let d(y) = 2*y**2 - 48*y - 95. Calculate d(25).
-45
Let f(b) = b**3 - 47*b**2 + 251*b - 97. Calculate f(41).
108
Let n(u) = 70*u + 9. Give n(-2).
-131
Let o(r) = 40*r + 82. What is o(-13)?
-438
Let y(k) = -k**2 - 18*k + 88. Calculate y(4).
0
Let y(k) = k**2 - 2*k + 161. What is y(0)?
161
Let h(p) = 3*p**2 - 22*p + 108. Determine h(7).
101
Let h(r) = -4*r**3 + 414*r**2 - 212*r + 624. Give h(103).
6
Let w(o) = 29*o**3 - 10*o**2 - 19*o - 8. Give w(-2).
-242
Let p(h) = 7*h**3 + 67*h**2 + 29*h + 68. Calculate p(-9).
131
Let k(z) = -2*z**2 + 125*z - 341. What is k(55)?
484
Let b(x) = 2*x**2 - 63*x - 401. Give b(35).
-156
Let h(g) = g**3 + 7*g**2 - 128*g - 896. Calculate h(-7).
0
Let n(c) = -321*c + 4819. What is n(15)?
4
Let z(n) = 10*n + 144. Calculate z(5).
194
Let k(u) = 3*u**3 - 15*u**2 + 15*u - 79. What is k(5)?
-4
Let p(c) = -c**3 - 147*c**2 + 45. Give p(-147).
45
Let o(z) = -z**2 - 9*z + 624. Calculate o(-30).
-6
Let d(p) = 15*p + 23. Give d(-5).
-52
Let m(w) = 322*w + 614. Determine m(-2).
-30
Let p(u) = 2*u**3 - 23*u**2 + 14*u - 29. Determine p(11).
4
Let x(y) = 13*y**3 + 8*y**2 + 8*y - 3. Give x(-2).
-91
Let a(v) = -v**2 + 68*v - 109. Calculate a(66).
23
Let c(l) = -5*l - 183. Determine c(31).
-338
Let u(g) = -915*g - 5495. Calculate u(-6).
-5
Let k(i) = i**2 - 38. Determine k(15).
187
Let r(x) = -x**2 + 36*x - 343. Calculate r(20).
-23
Let y(u) = -101*u + 2770. Give y(28).
-58
Let k(a) = 24*a - 1343. Give k(54).
-47
Let f(s) = -s**3 + 35*s**2 - 260*s - 99. What is f(24)?
-3
Let u(b) = 2*b**3 - 349*b**2 + 167*b + 1213. Determine u(174).
-5
Let r(d) = d**3 - 27*d**2 - 53*d - 122. Give r(29).
23
Let l(h) = -h**3 + 7*h**2 - 23*h + 59. What is l(6)?
-43
Let g(b) = b**3 + 56*b**2 + 52*b + 64. Calculate g(-55).
229
Let d(t) = 3*t**2 + 200*t - 61. What is d(-6